{"id":32508,"date":"2021-10-19T09:07:48","date_gmt":"2021-10-19T09:07:48","guid":{"rendered":"https:\/\/fundacionlazaro.es\/familles\/laurent-i-laurence\/"},"modified":"2023-10-04T20:05:06","modified_gmt":"2023-10-04T20:05:06","slug":"laurent-i-laurence","status":"publish","type":"famille","link":"https:\/\/fundacionlazaro.es\/ca\/familles\/laurent-i-laurence\/","title":{"rendered":"Laurent i Laurence"},"content":{"rendered":"<p>Laurent i Laurence s\u00f3n la fam\u00edlia responsable d&#8217;una llar de 10 homes, 8 dones i un estudi.<\/p>\n","protected":false},"excerpt":{"rendered":"<p>Laurent i Laurence s\u00f3n la fam\u00edlia responsable d&#8217;una llar de [&hellip;]<\/p>\n","protected":false},"author":15,"featured_media":32238,"template":"","meta":{"_acf_changed":false,"gtb_hide_title":false,"gtb_wrap_title":false,"gtb_class_title":"","gtb_remove_headerfooter":false,"gtb_custom_css":"","footnotes":""},"class_list":["post-32508","famille","type-famille","status-publish","has-post-thumbnail","hentry"],"acf":[],"yoast_head":"<!-- This site is optimized with the Yoast SEO plugin v27.3 - https:\/\/yoast.com\/product\/yoast-seo-wordpress\/ -->\n<title>Laurent i Laurence - L\u00e1zaro Espa\u00f1a<\/title>\n<meta name=\"robots\" content=\"index, follow, max-snippet:-1, max-image-preview:large, max-video-preview:-1\" \/>\n<link rel=\"canonical\" href=\"https:\/\/fundacionlazaro.es\/ca\/familles\/laurent-i-laurence\/\" \/>\n<meta property=\"og:locale\" content=\"ca_ES\" \/>\n<meta property=\"og:type\" content=\"article\" \/>\n<meta property=\"og:title\" content=\"Laurent i Laurence - L\u00e1zaro Espa\u00f1a\" \/>\n<meta property=\"og:description\" content=\"Laurent i Laurence s\u00f3n la fam\u00edlia responsable d&#8217;una llar de [&hellip;]\" \/>\n<meta property=\"og:url\" content=\"https:\/\/fundacionlazaro.es\/ca\/familles\/laurent-i-laurence\/\" \/>\n<meta property=\"og:site_name\" content=\"L\u00e1zaro Espa\u00f1a\" \/>\n<meta property=\"article:modified_time\" content=\"2023-10-04T20:05:06+00:00\" \/>\n<meta property=\"og:image\" content=\"https:\/\/fundacionlazaro.es\/wp-content\/uploads\/sites\/7\/2021\/10\/Familia-Lazaro.jpg\" \/>\n\t<meta property=\"og:image:width\" content=\"1000\" \/>\n\t<meta property=\"og:image:height\" content=\"1000\" \/>\n\t<meta property=\"og:image:type\" content=\"image\/jpeg\" \/>\n<meta name=\"twitter:card\" content=\"summary_large_image\" \/>\n<script type=\"application\/ld+json\" class=\"yoast-schema-graph\">{\"@context\":\"https:\\\/\\\/schema.org\",\"@graph\":[{\"@type\":\"WebPage\",\"@id\":\"https:\\\/\\\/fundacionlazaro.es\\\/ca\\\/familles\\\/laurent-i-laurence\\\/\",\"url\":\"https:\\\/\\\/fundacionlazaro.es\\\/ca\\\/familles\\\/laurent-i-laurence\\\/\",\"name\":\"Laurent i Laurence - L\u00e1zaro Espa\u00f1a\",\"isPartOf\":{\"@id\":\"https:\\\/\\\/fundacionlazaro.es\\\/ca\\\/#website\"},\"primaryImageOfPage\":{\"@id\":\"https:\\\/\\\/fundacionlazaro.es\\\/ca\\\/familles\\\/laurent-i-laurence\\\/#primaryimage\"},\"image\":{\"@id\":\"https:\\\/\\\/fundacionlazaro.es\\\/ca\\\/familles\\\/laurent-i-laurence\\\/#primaryimage\"},\"thumbnailUrl\":\"https:\\\/\\\/fundacionlazaro.es\\\/wp-content\\\/uploads\\\/sites\\\/7\\\/2021\\\/10\\\/Familia-Lazaro.jpg\",\"datePublished\":\"2021-10-19T09:07:48+00:00\",\"dateModified\":\"2023-10-04T20:05:06+00:00\",\"breadcrumb\":{\"@id\":\"https:\\\/\\\/fundacionlazaro.es\\\/ca\\\/familles\\\/laurent-i-laurence\\\/#breadcrumb\"},\"inLanguage\":\"ca\",\"potentialAction\":[{\"@type\":\"ReadAction\",\"target\":[\"https:\\\/\\\/fundacionlazaro.es\\\/ca\\\/familles\\\/laurent-i-laurence\\\/\"]}]},{\"@type\":\"ImageObject\",\"inLanguage\":\"ca\",\"@id\":\"https:\\\/\\\/fundacionlazaro.es\\\/ca\\\/familles\\\/laurent-i-laurence\\\/#primaryimage\",\"url\":\"https:\\\/\\\/fundacionlazaro.es\\\/wp-content\\\/uploads\\\/sites\\\/7\\\/2021\\\/10\\\/Familia-Lazaro.jpg\",\"contentUrl\":\"https:\\\/\\\/fundacionlazaro.es\\\/wp-content\\\/uploads\\\/sites\\\/7\\\/2021\\\/10\\\/Familia-Lazaro.jpg\",\"width\":1000,\"height\":1000,\"caption\":\"Laurent i Laurence\"},{\"@type\":\"BreadcrumbList\",\"@id\":\"https:\\\/\\\/fundacionlazaro.es\\\/ca\\\/familles\\\/laurent-i-laurence\\\/#breadcrumb\",\"itemListElement\":[{\"@type\":\"ListItem\",\"position\":1,\"name\":\"BIENVENIDA\",\"item\":\"https:\\\/\\\/fundacionlazaro.es\\\/ca\\\/\"},{\"@type\":\"ListItem\",\"position\":2,\"name\":\"Familles\",\"item\":\"https:\\\/\\\/fundacionlazaro.es\\\/ca\\\/familles\\\/\"},{\"@type\":\"ListItem\",\"position\":3,\"name\":\"Laurent i Laurence\"}]},{\"@type\":\"WebSite\",\"@id\":\"https:\\\/\\\/fundacionlazaro.es\\\/ca\\\/#website\",\"url\":\"https:\\\/\\\/fundacionlazaro.es\\\/ca\\\/\",\"name\":\"L\u00e1zaro Espa\u00f1a\",\"description\":\"Vivir juntos, tan simple como esto\",\"publisher\":{\"@id\":\"https:\\\/\\\/fundacionlazaro.es\\\/ca\\\/#organization\"},\"potentialAction\":[{\"@type\":\"SearchAction\",\"target\":{\"@type\":\"EntryPoint\",\"urlTemplate\":\"https:\\\/\\\/fundacionlazaro.es\\\/ca\\\/?s={search_term_string}\"},\"query-input\":{\"@type\":\"PropertyValueSpecification\",\"valueRequired\":true,\"valueName\":\"search_term_string\"}}],\"inLanguage\":\"ca\"},{\"@type\":\"Organization\",\"@id\":\"https:\\\/\\\/fundacionlazaro.es\\\/ca\\\/#organization\",\"name\":\"L\u00e1zaro Espa\u00f1a\",\"url\":\"https:\\\/\\\/fundacionlazaro.es\\\/ca\\\/\",\"logo\":{\"@type\":\"ImageObject\",\"inLanguage\":\"ca\",\"@id\":\"https:\\\/\\\/fundacionlazaro.es\\\/ca\\\/#\\\/schema\\\/logo\\\/image\\\/\",\"url\":\"https:\\\/\\\/fundacionlazaro.es\\\/wp-content\\\/uploads\\\/sites\\\/7\\\/2022\\\/03\\\/lazaro-mexico-logo-white.svg\",\"contentUrl\":\"https:\\\/\\\/fundacionlazaro.es\\\/wp-content\\\/uploads\\\/sites\\\/7\\\/2022\\\/03\\\/lazaro-mexico-logo-white.svg\",\"width\":1,\"height\":1,\"caption\":\"L\u00e1zaro Espa\u00f1a\"},\"image\":{\"@id\":\"https:\\\/\\\/fundacionlazaro.es\\\/ca\\\/#\\\/schema\\\/logo\\\/image\\\/\"}}]}<\/script>\n<!-- \/ Yoast SEO plugin. -->","yoast_head_json":{"title":"Laurent i Laurence - L\u00e1zaro Espa\u00f1a","robots":{"index":"index","follow":"follow","max-snippet":"max-snippet:-1","max-image-preview":"max-image-preview:large","max-video-preview":"max-video-preview:-1"},"canonical":"https:\/\/fundacionlazaro.es\/ca\/familles\/laurent-i-laurence\/","og_locale":"ca_ES","og_type":"article","og_title":"Laurent i Laurence - L\u00e1zaro Espa\u00f1a","og_description":"Laurent i Laurence s\u00f3n la fam\u00edlia responsable d&#8217;una llar de [&hellip;]","og_url":"https:\/\/fundacionlazaro.es\/ca\/familles\/laurent-i-laurence\/","og_site_name":"L\u00e1zaro Espa\u00f1a","article_modified_time":"2023-10-04T20:05:06+00:00","og_image":[{"width":1000,"height":1000,"url":"https:\/\/fundacionlazaro.es\/wp-content\/uploads\/sites\/7\/2021\/10\/Familia-Lazaro.jpg","type":"image\/jpeg"}],"twitter_card":"summary_large_image","schema":{"@context":"https:\/\/schema.org","@graph":[{"@type":"WebPage","@id":"https:\/\/fundacionlazaro.es\/ca\/familles\/laurent-i-laurence\/","url":"https:\/\/fundacionlazaro.es\/ca\/familles\/laurent-i-laurence\/","name":"Laurent i Laurence - L\u00e1zaro Espa\u00f1a","isPartOf":{"@id":"https:\/\/fundacionlazaro.es\/ca\/#website"},"primaryImageOfPage":{"@id":"https:\/\/fundacionlazaro.es\/ca\/familles\/laurent-i-laurence\/#primaryimage"},"image":{"@id":"https:\/\/fundacionlazaro.es\/ca\/familles\/laurent-i-laurence\/#primaryimage"},"thumbnailUrl":"https:\/\/fundacionlazaro.es\/wp-content\/uploads\/sites\/7\/2021\/10\/Familia-Lazaro.jpg","datePublished":"2021-10-19T09:07:48+00:00","dateModified":"2023-10-04T20:05:06+00:00","breadcrumb":{"@id":"https:\/\/fundacionlazaro.es\/ca\/familles\/laurent-i-laurence\/#breadcrumb"},"inLanguage":"ca","potentialAction":[{"@type":"ReadAction","target":["https:\/\/fundacionlazaro.es\/ca\/familles\/laurent-i-laurence\/"]}]},{"@type":"ImageObject","inLanguage":"ca","@id":"https:\/\/fundacionlazaro.es\/ca\/familles\/laurent-i-laurence\/#primaryimage","url":"https:\/\/fundacionlazaro.es\/wp-content\/uploads\/sites\/7\/2021\/10\/Familia-Lazaro.jpg","contentUrl":"https:\/\/fundacionlazaro.es\/wp-content\/uploads\/sites\/7\/2021\/10\/Familia-Lazaro.jpg","width":1000,"height":1000,"caption":"Laurent i Laurence"},{"@type":"BreadcrumbList","@id":"https:\/\/fundacionlazaro.es\/ca\/familles\/laurent-i-laurence\/#breadcrumb","itemListElement":[{"@type":"ListItem","position":1,"name":"BIENVENIDA","item":"https:\/\/fundacionlazaro.es\/ca\/"},{"@type":"ListItem","position":2,"name":"Familles","item":"https:\/\/fundacionlazaro.es\/ca\/familles\/"},{"@type":"ListItem","position":3,"name":"Laurent i Laurence"}]},{"@type":"WebSite","@id":"https:\/\/fundacionlazaro.es\/ca\/#website","url":"https:\/\/fundacionlazaro.es\/ca\/","name":"L\u00e1zaro Espa\u00f1a","description":"Vivir juntos, tan simple como esto","publisher":{"@id":"https:\/\/fundacionlazaro.es\/ca\/#organization"},"potentialAction":[{"@type":"SearchAction","target":{"@type":"EntryPoint","urlTemplate":"https:\/\/fundacionlazaro.es\/ca\/?s={search_term_string}"},"query-input":{"@type":"PropertyValueSpecification","valueRequired":true,"valueName":"search_term_string"}}],"inLanguage":"ca"},{"@type":"Organization","@id":"https:\/\/fundacionlazaro.es\/ca\/#organization","name":"L\u00e1zaro Espa\u00f1a","url":"https:\/\/fundacionlazaro.es\/ca\/","logo":{"@type":"ImageObject","inLanguage":"ca","@id":"https:\/\/fundacionlazaro.es\/ca\/#\/schema\/logo\/image\/","url":"https:\/\/fundacionlazaro.es\/wp-content\/uploads\/sites\/7\/2022\/03\/lazaro-mexico-logo-white.svg","contentUrl":"https:\/\/fundacionlazaro.es\/wp-content\/uploads\/sites\/7\/2022\/03\/lazaro-mexico-logo-white.svg","width":1,"height":1,"caption":"L\u00e1zaro Espa\u00f1a"},"image":{"@id":"https:\/\/fundacionlazaro.es\/ca\/#\/schema\/logo\/image\/"}}]}},"_links":{"self":[{"href":"https:\/\/fundacionlazaro.es\/ca\/wp-json\/wp\/v2\/famille\/32508","targetHints":{"allow":["GET"]}}],"collection":[{"href":"https:\/\/fundacionlazaro.es\/ca\/wp-json\/wp\/v2\/famille"}],"about":[{"href":"https:\/\/fundacionlazaro.es\/ca\/wp-json\/wp\/v2\/types\/famille"}],"author":[{"embeddable":true,"href":"https:\/\/fundacionlazaro.es\/ca\/wp-json\/wp\/v2\/users\/15"}],"version-history":[{"count":0,"href":"https:\/\/fundacionlazaro.es\/ca\/wp-json\/wp\/v2\/famille\/32508\/revisions"}],"wp:featuredmedia":[{"embeddable":true,"href":"https:\/\/fundacionlazaro.es\/ca\/wp-json\/wp\/v2\/media\/32238"}],"wp:attachment":[{"href":"https:\/\/fundacionlazaro.es\/ca\/wp-json\/wp\/v2\/media?parent=32508"}],"curies":[{"name":"wp","href":"https:\/\/api.w.org\/{rel}","templated":true}]}}

<p>Laurent i Laurence són la família responsable d&#8217;una llar de 10 homes, 8 dones i un estudi.</p>

<p>Laurent i Laurence són la família responsable d&#8217;una llar de [&hellip;]</p>

<!-- This site is optimized with the Yoast SEO plugin v27.3 - https://yoast.com/product/yoast-seo-wordpress/ -->
<title>Laurent i Laurence - Lázaro España</title>
<meta name="robots" content="index, follow, max-snippet:-1, max-image-preview:large, max-video-preview:-1" />
<link rel="canonical" href="https://fundacionlazaro.es/ca/familles/laurent-i-laurence/" />
<meta property="og:locale" content="ca_ES" />
<meta property="og:type" content="article" />
<meta property="og:title" content="Laurent i Laurence - Lázaro España" />
<meta property="og:description" content="Laurent i Laurence són la família responsable d&#8217;una llar de [&hellip;]" />
<meta property="og:url" content="https://fundacionlazaro.es/ca/familles/laurent-i-laurence/" />
<meta property="og:site_name" content="Lázaro España" />
<meta property="article:modified_time" content="2023-10-04T20:05:06+00:00" />
<meta property="og:image" content="https://fundacionlazaro.es/wp-content/uploads/sites/7/2021/10/Familia-Lazaro.jpg" />
	<meta property="og:image:width" content="1000" />
	<meta property="og:image:height" content="1000" />
	<meta property="og:image:type" content="image/jpeg" />
<meta name="twitter:card" content="summary_large_image" />
<script type="application/ld+json" class="yoast-schema-graph">{"@context":"https:\/\/schema.org","@graph":[{"@type":"WebPage","@id":"https:\/\/fundacionlazaro.es\/ca\/familles\/laurent-i-laurence\/","url":"https:\/\/fundacionlazaro.es\/ca\/familles\/laurent-i-laurence\/","name":"Laurent i Laurence - Lázaro España","isPartOf":{"@id":"https:\/\/fundacionlazaro.es\/ca\/#website"},"primaryImageOfPage":{"@id":"https:\/\/fundacionlazaro.es\/ca\/familles\/laurent-i-laurence\/#primaryimage"},"image":{"@id":"https:\/\/fundacionlazaro.es\/ca\/familles\/laurent-i-laurence\/#primaryimage"},"thumbnailUrl":"https:\/\/fundacionlazaro.es\/wp-content\/uploads\/sites\/7\/2021\/10\/Familia-Lazaro.jpg","datePublished":"2021-10-19T09:07:48+00:00","dateModified":"2023-10-04T20:05:06+00:00","breadcrumb":{"@id":"https:\/\/fundacionlazaro.es\/ca\/familles\/laurent-i-laurence\/#breadcrumb"},"inLanguage":"ca","potentialAction":[{"@type":"ReadAction","target":["https:\/\/fundacionlazaro.es\/ca\/familles\/laurent-i-laurence\/"]}]},{"@type":"ImageObject","inLanguage":"ca","@id":"https:\/\/fundacionlazaro.es\/ca\/familles\/laurent-i-laurence\/#primaryimage","url":"https:\/\/fundacionlazaro.es\/wp-content\/uploads\/sites\/7\/2021\/10\/Familia-Lazaro.jpg","contentUrl":"https:\/\/fundacionlazaro.es\/wp-content\/uploads\/sites\/7\/2021\/10\/Familia-Lazaro.jpg","width":1000,"height":1000,"caption":"Laurent i Laurence"},{"@type":"BreadcrumbList","@id":"https:\/\/fundacionlazaro.es\/ca\/familles\/laurent-i-laurence\/#breadcrumb","itemListElement":[{"@type":"ListItem","position":1,"name":"BIENVENIDA","item":"https:\/\/fundacionlazaro.es\/ca\/"},{"@type":"ListItem","position":2,"name":"Familles","item":"https:\/\/fundacionlazaro.es\/ca\/familles\/"},{"@type":"ListItem","position":3,"name":"Laurent i Laurence"}]},{"@type":"WebSite","@id":"https:\/\/fundacionlazaro.es\/ca\/#website","url":"https:\/\/fundacionlazaro.es\/ca\/","name":"Lázaro España","description":"Vivir juntos, tan simple como esto","publisher":{"@id":"https:\/\/fundacionlazaro.es\/ca\/#organization"},"potentialAction":[{"@type":"SearchAction","target":{"@type":"EntryPoint","urlTemplate":"https:\/\/fundacionlazaro.es\/ca\/?s={search_term_string}"},"query-input":{"@type":"PropertyValueSpecification","valueRequired":true,"valueName":"search_term_string"}}],"inLanguage":"ca"},{"@type":"Organization","@id":"https:\/\/fundacionlazaro.es\/ca\/#organization","name":"Lázaro España","url":"https:\/\/fundacionlazaro.es\/ca\/","logo":{"@type":"ImageObject","inLanguage":"ca","@id":"https:\/\/fundacionlazaro.es\/ca\/#\/schema\/logo\/image\/","url":"https:\/\/fundacionlazaro.es\/wp-content\/uploads\/sites\/7\/2022\/03\/lazaro-mexico-logo-white.svg","contentUrl":"https:\/\/fundacionlazaro.es\/wp-content\/uploads\/sites\/7\/2022\/03\/lazaro-mexico-logo-white.svg","width":1,"height":1,"caption":"Lázaro España"},"image":{"@id":"https:\/\/fundacionlazaro.es\/ca\/#\/schema\/logo\/image\/"}}]}</script>
<!-- / Yoast SEO plugin. -->

Laurent i Laurence - Lázaro España

Laurent i Laurence són la família responsable d&#8217;una llar de [&hellip;]

Lázaro España
